19
Let n be (-31332)/30 + 5 + (-8)/(-20). Let h = n + 1617. What are the prime factors of h?
2, 17
Let z(n) = -2*n**3 + 10*n**2 + 13*n - 48. What are the prime factors of z(-15)?
3, 7, 139
What are the prime factors of -2*(456/16)/(-1)?
3, 19
What are the prime factors of 560186/10 - (-1099)/785?
2, 5, 2801
Suppose -14*n + 9*n + 15 = 0. Suppose 10*k = 11*k - n. Suppose -k*t + 88 = l, -4*t - l + 117 = -0*l. List the prime factors of t.
29
Suppose -1032*x + 1028*x = -85092. List the prime factors of x.
3, 7, 1013
Let n(c) = c**3 - 2*c**2 - 3*c - 10. Let z = -77 - -76. Let y be (z/(-3))/((-2)/252*-7). What are the prime factors of n(y)?
2, 29
Let s = 71745 - 35402. What are the prime factors of s?
36343
Suppose 4*y + 11 = -3*q - 1, y + 2*q + 3 = 0. Suppose 0 = -24*t + 20 - 164. What are the prime factors of (79/y + -1)*t?
2, 41
Let s = 4152 + 9629. What are the prime factors of s?
13781
Let d = 158 + 22. Suppose -p = -2*j - 34 - 22, 2*j = 3*p - d. What are the prime factors of p?
2, 31
Suppose -3*a = -2*q - 54073, -495*q + 499*q + 8 = 0. List the prime factors of a.
67, 269
Let w = 206 + -113. Let c = w - 45. Suppose -2*a + c = -0*a. List the prime factors of a.
2, 3
Let g = 62719 + -43303. What are the prime factors of g?
2, 3, 809
Suppose -24*t + 69523 = 13*t. List the prime factors of t.
1879
Let y be 11 - 0*3/6. Let d(j) be the third derivative of j**5/30 - j**4/12 + 13*j**3/6 + 21*j**2. What are the prime factors of d(y)?
233
Suppose 16*q + 21 = 53. Suppose 2*a - 694 = -5*b, 6*a - 5*a + 274 = q*b. List the prime factors of b.
2, 3, 23
Let r(g) = g + 21. Let k be r(-13). Let u(p) be the second derivative of -2*p**3/3 + 47*p**2/2 - 4*p + 6. List the prime factors of u(k).
3, 5
Suppose 14*r + 946956 = 106*r. List the prime factors of r.
3, 47, 73
Let z = -103 - -38. Suppose -2*r - 118 = -3*r. Let p = z + r. List the prime factors of p.
53
Suppose -5*z = -y - 164050, -98430 = -13*z + 10*z + y. What are the prime factors of z?
2, 5, 17, 193
Suppose x + 0 = 2*g - 7, 4*x + 2*g = 22. Suppose -861 = -3*p - 3*i, -x*p + 189 = -2*i - 647. What are the prime factors of p?
2, 3, 47
Suppose 4*z - 102*n = -101*n + 61107, -5*z - n = -76395. List the prime factors of z.
2, 7639
Suppose 0 = -8*h - 7560 + 38552. List the prime factors of h.
2, 13, 149
Let t = -180 - -183. Suppose -t*c + 5*g + 247 = -2*c, c + 3*g = 231. List the prime factors of c.
3, 79
What are the prime factors of ((-9444 + 2)*(-4)/(-12))/(26/(-39))?
4721
Suppose 14*r + 16 = 6*r. List the prime factors of 1 + (11 - 4) - 8/r.
2, 3
Suppose -27901 = -5*t - 37*w + 36*w, 4*t = -5*w + 22325. Suppose 16*q - 17*q + 1116 = 5*d, 5*q = d + t. List the prime factors of q.
2, 3, 31
Let g = 166 - 305. Let s = -83 - g. List the prime factors of s/(7 - 3)*58/4.
7, 29
What are the prime factors of (41*(5 - 10)*10)/((-8)/40)?
2, 5, 41
Let o = 165 - 161. Suppose -14*f + 2676 = -11*f - 3*q, -o*f + 3*q = -3570. What are the prime factors of f?
2, 3, 149
List the prime factors of (1047452/70)/(10 + (-343)/35).
2, 37409
Suppose -5*i + 2*j - 311 = 0, 26 = -i + j - 38. Let c = i - -54. What are the prime factors of (-2)/(-7) - (-4 - (-978)/c)?
2, 3
Let m = -2893 - -4254. Suppose r - q = 692, 2*r - 3*q = 25 + m. List the prime factors of r.
2, 3, 5, 23
Let k(a) = -1311*a + 1906. List the prime factors of k(-3).
5839
Let u be (-5)/3 + (-5)/(-3). Suppose 0 = -3*x + 4*d + 638, -x + 0*x + 2*d + 212 = u. What are the prime factors of x?
2, 107
Suppose -2*c = 4*r - 528, -2*r + 252 = -0*r - 2*c. Let b = 705 - r. What are the prime factors of b?
5, 23
Let i(l) = -5*l - 31. Let u be i(-7). Let h = -148 - -463. Suppose -o - h = -u*o. List the prime factors of o.
3, 5, 7
Suppose -61 = -6*v - 13. Let y(x) = -17*x + v*x - 2*x**2 + 8*x - 210*x**3. What are the prime factors of y(-1)?
11, 19
Let b(l) = 135*l + 2295. Let c be b(-17). Let i(a) = a**3 - 2*a**2 + a - 1. Let y be i(1). What are the prime factors of 27 + -30 + ((-51)/y - c)?
2, 3
Let f = 33 + -28. Suppose -f*x + 8*j - 11*j = -1100, 0 = 4*x - 5*j - 917. What are the prime factors of x?
223
Let d(n) = 4*n**3 + n**2 - 8*n - 10. Let j be d(8). List the prime factors of j/18 + 8/(-36).
113
Suppose -10*r = -6*r + h - 16, -4*r + 2*h = -16. List the prime factors of (-3561)/(-9) + r - (-4)/3.
401
Let x(t) = -4*t**3 + 55*t**2 + 20*t + 104. Let l(h) = 3*h**3 - 36*h**2 - 13*h - 70. Let y(b) = 7*l(b) + 5*x(b). What are the prime factors of y(-22)?
2, 79
Let z(g) = 24*g**2 + 15*g + 14. Let a be z(-8). Suppose -k = -6*k + a. What are the prime factors of k?
2, 11, 13
Let v(t) = t + 1. Let h(n) = 3*n**2 + 15*n - 7. Let i(r) = h(r) + 6*v(r). What are the prime factors of i(10)?
509
Suppose 852978 = 18*j + 137370. List the prime factors of j.
2, 3, 3313
What are the prime factors of 24*(-32580)/(80/(-4))?
2, 3, 181
Let r(q) = -47*q**3 - 4*q**2 + 5*q + 6. Let k be r(-6). Suppose 0 = 8*c - k + 1200. List the prime factors of c.
2, 3, 61
Let o(q) = -55*q + 183. Let r be o(3). Suppose r*f - 3*f - 22395 = 0. What are the prime factors of f?
1493
Let k(d) = 0*d**3 + 18 + d - 8*d**2 + 9*d**3 - 10*d**3. Let s be k(-8). Suppose 3*y - 5*x = 72, -x - 16 = -y + s. List the prime factors of y.
29
Let g = -76165 - -150377. What are the prime factors of g?
2, 18553
Let b(o) = o**2 - 22. Let g(x) = x**3 - 2*x**2 + x - 6. Let w be g(3). Suppose -18 = 3*p + w. List the prime factors of b(p).
2, 3, 7
Let i(u) = -u**2 + 3*u + 16. Let r(p) = p**2 - 11*p - 7. Let c be r(11). Let k be i(c). Let l = 96 + k. List the prime factors of l.
2, 3, 7
Let q(z) = 8*z**3 - 3*z**2 - 7*z - 8. Let b(r) = 13*r - 8. Let f be b(1). What are the prime factors of q(f)?
2, 3, 7
Suppose 5*o - 115 = 4*f - 0*o, -4*o = -3*f - 86. Suppose -4*d + 32 = -r, 73 = -4*r + 4*d + 5. Let i = r - f. What are the prime factors of i?
2, 3
Let g be (-5)/(((-6)/6)/((-2)/(-5))). Suppose -g*j = -304 - 278. Let h = j - 170. List the prime factors of h.
11
Let a = 44 + -41. Suppose 4*u - 2*u + 2*f = -76, -a*f = 4*u + 154. Let r = u - -83. What are the prime factors of r?
43
Suppose 0 = 9*j - 14*j - 5. Let v(o) = 348*o**2 - o. Let i be v(j). Let u = -204 + i. List the prime factors of u.
5, 29
Let q(r) = r**2 + 8*r + 30. Let t be q(-8). What are the prime factors of (t/40)/(2/720)?
2, 3, 5
Suppose 98865 + 107879 = 4*x - 4*v, 3*x + 4*v - 155100 = 0. What are the prime factors of x?
2, 12923
Let s = 5789 - -2475. List the prime factors of s.
2, 1033
Let n(m) = -13*m**2 + 2*m. Let w be n(-1). Let x be 6/10 + (-1536)/w. Suppose 2*f + 376 = 5*l, 5*l - 3*f + x = 477. List the prime factors of l.
2, 19
Suppose -44*k - 3*g - 38483 = -51*k, 3*g = 5*k - 27487. What are the prime factors of k?
2, 2749
List the prime factors of (-6 + (-483)/(-28))*1028.
3, 5, 257
Let i = 5015 - 2620. List the prime factors of i.
5, 479
Suppose -5*n = -9*o - 27133, -4*o - 3 = -5*o. List the prime factors of n.
2, 7, 97
What are the prime factors of (-96)/(-36)*(-88104)/(-32)?
2, 3671
Let c = -9753 + 90109. What are the prime factors of c?
2, 20089
What are the prime factors of 11/1 - (-8064 - 28)?
3, 37, 73
Let c(l) = 107*l**2 - l + 3. Let n(f) = -534*f**2 + 6*f - 16. Let v(d) = -14*c(d) - 3*n(d). List the prime factors of v(2).
2, 3, 23
Let g(w) = -w**3 - 2*w**2 + w - 1. Let z be g(-3). Suppose 36*v - 200 = 16*v. Suppose -z*q + v = 25, -84 = -2*l + 4*q. What are the prime factors of l?
2, 3
Suppose -93*b - 66259 + 228739 = 27*b. List the prime factors of b.
2, 677
Suppose -4*k - 1 + 29 = -4*p, 0 = -5*p - 25. Let t be (28/8)/(k/8). Let z(c) = 2*c + 16. What are the prime factors of z(t)?
2, 11
Let p(m) = -184*m - 200*m - 61 + 405*m + 9*m**2. What are the prime factors of p(8)?
683
Suppose 36*k - 24*k = 240. Let l = 768 + k. List the prime factors of l.
2, 197
Let z be (60/9 - 7)/((-1)/6). Suppose 0 = -4*v + z*h + 126, 6*v + 3*h - 152 = v. List the prime factors of v.
31
Suppose 21*n - 1024180 = -22*n + 2*n. What are the prime factors of n?
2, 5, 1249
Let h(d) = -124*d**2 - 3*d - 4. Let t be h(-1). Let q = t - -782. What are the prime factors of q?
3, 73
Suppose 17*v - 254970 = 167712 - 73621. What are the prime factors of v?
20533
Let k(r) = 366*r + 3. Let d be k(3). Let y be (-6)/(-4)*(3 + d/9). Suppose -l + y = 3*l. List the prime factors of l.
47
Let z(i) = -i**3 - 5*i**2 + 7